-n**3 + 4*n**2 - 2*n - 2. Calculate q(5).
-37
Let v(x) = 5*x**2 + 7*x + 6. Determine v(-5).
96
Let a(u) = u**2 + 4*u - 7. Determine a(-7).
14
Let g(j) = -j**2 + 6*j - 5. Determine g(2).
3
Let q(k) = -4*k + 42. Determine q(12).
-6
Let k(v) = -v**3 + 2*v**2 + 6*v + 9. Calculate k(4).
1
Let z(t) = 11*t - 296. Determine z(28).
12
Let t(w) = -40*w - 216. Give t(-5).
-16
Let x(f) = -4*f + 59. What is x(14)?
3
Let l(b) = -5*b - 10. Determine l(-7).
25
Let z(a) = a**2 - 12*a + 28. Give z(13).
41
Let a(f) = 2*f - 49. Determine a(19).
-11
Let g(w) = 8*w - 36. What is g(5)?
4
Let y(n) = n**3 + 15*n**2 + 24*n - 15. What is y(-13)?
11
Let v(g) = -g**3 + 9*g**2 + 14*g - 22. What is v(10)?
18
Let r(s) = -8*s - 5. Calculate r(-3).
19
Let j(z) = -3*z - 32. Give j(0).
-32
Let f(h) = h**2 + 10*h + 4. What is f(-12)?
28
Let h(w) = -w**2 + 10*w - 7. Calculate h(7).
14
Let s(y) = -11*y - 6. Determine s(-5).
49
Let r(l) = -2*l**2 + 86*l - 84. What is r(42)?
0
Let x(t) = t**3 - 5*t**2 - 52*t + 14. What is x(10)?
-6
Let i(q) = 10*q + 6. Calculate i(-4).
-34
Let t(w) = -w + 16. Calculate t(7).
9
Let u(z) = z**3 - 3*z**2 - 2. Determine u(3).
-2
Let g(a) = a**2 + 19*a - 26. Determine g(-17).
-60
Let v(p) = -2*p**3 + 4*p**2 - 1. Determine v(2).
-1
Let d(j) = 2*j**2 + 19*j + 29. Determine d(-8).
5
Let w(x) = 15*x**2 - x + 1. Determine w(1).
15
Let b(t) = -t**2 + 12*t + 12. Determine b(11).
23
Let g(w) = 6*w**2 + w. Give g(2).
26
Let s(j) = j**3 - 4*j**2. Give s(4).
0
Let w(k) = -k**2 - 10*k + 48. Calculate w(-15).
-27
Let z(p) = 4*p**2 + 9. What is z(-4)?
73
Let w(b) = 8*b - 11. Determine w(2).
5
Let w(c) = -c**2 - 17*c + 25. Give w(-19).
-13
Let x(z) = 6*z - 19. Calculate x(3).
-1
Let q(j) = -j**2 - 10*j + 9. What is q(-12)?
-15
Let x(b) = b**3 + 20*b**2 + b + 15. Calculate x(-20).
-5
Let s(u) = 7*u - 71. What is s(17)?
48
Let p(h) = -h**3 - 9*h**2 - 7*h + 7. What is p(-7)?
-42
Let m(j) = -17*j**2 - 1. Calculate m(1).
-18
Let l(u) = 2*u**3 - 8*u**2 + 3*u + 6. What is l(3)?
-3
Let n(f) = -f**2 - 10*f - 22. Calculate n(-4).
2
Let d(w) = -20*w - 287. Give d(-14).
-7
Let f(d) = d**2 + 13*d - 43. What is f(3)?
5
Let v(j) = j + 7. Calculate v(-5).
2
Let g(c) = c**3 + 11*c**2 + 21*c - 16. What is g(-8)?
8
Let l(i) = 2*i + 47. What is l(-5)?
37
Let t(g) = g**2 - 6*g + 5. Give t(6).
5
Let z(y) = -y - 2. Calculate z(4).
-6
Let g(d) = -2*d**2 + 25*d - 65. Determine g(9).
-2
Let q(v) = -v**2 - 4*v + 3. Calculate q(-3).
6
Let o(x) = -x**3 - 5*x**2 + 6*x + 6. Calculate o(-3).
-30
Let p(k) = k**3 - 2*k**2 - k + 2. Calculate p(2).
0
Let q(g) = 58*g + 1. Give q(1).
59
Let o(c) = 11*c - 246. Determine o(24).
18
Let c(b) = b**2 - 2*b + 20. What is c(0)?
20
Let z(n) = -n**3 + 5*n**2 - 3*n + 1. Calculate z(3).
10
Let i(a) = -6*a + 20. Give i(-3).
38
Let p(t) = 3*t**2 + 22*t - 28. Give p(-9).
17
Let h(p) = 9*p**2 + 10*p + 5. Give h(-3).
56
Let d(j) = -j**3 + 8*j**2 + 2*j - 2. Determine d(8).
14
Let v(o) = 22*o + 21. Determine v(-6).
-111
Let w(a) = -a**2 - 3*a + 6. Determine w(4).
-22
Let d(c) = -c**3 + 7*c**2 + 7*c + 1. Determine d(8).
-7
Let z(n) = -n**3 + 7*n**2 - 13*n + 37. Give z(6).
-5
Let x(j) = -82*j + 1070. What is x(13)?
4
Let x(p) = 2*p**3 - 7*p**2 + 6*p - 24. Give x(4).
16
Let j(d) = -d**3 - 18*d**2 + 2*d + 319. Give j(-17).
-4
Let p(x) = -5*x**2 - 66*x - 13. Give p(-13).
0
Let h(m) = m + 13. What is h(-9)?
4
Let w(t) = -2*t**3 - 9*t**2 - 8*t + 14. What is w(-4)?
30
Let f(x) = x**3 - 13*x**2 + 13*x + 1. What is f(12)?
13
Let v(i) = i**2 + 8*i + 11. What is v(-6)?
-1
Let r(z) = -2*z**2 - 2*z - 5. What is r(-9)?
-149
Let f(u) = u**3 - 11*u**2 - 20*u - 75. Give f(13).
3
Let m(b) = -b**2 + 17*b - 40. Give m(13).
12
Let l(d) = -d**3 + 4*d**2 + 7*d - 6. What is l(5)?
4
Let x(v) = -v**3 + 24*v**2 - 65*v + 45. Give x(21).
3
Let q(d) = d**3 - 10*d**2 + 3*d - 28. What is q(10)?
2
Let c(t) = 5*t - 47. Calculate c(15).
28
Let x(d) = d**3 - 8*d**2 + 5*d + 6. Calculate x(7).
-8
Let m(a) = 3*a - 25. Determine m(0).
-25
Let t(j) = j. Determine t(-5).
-5
Let g(j) = -j**2 - 11*j - 4. What is g(-11)?
-4
Let p(g) = -g**3 - 8*g**2 + 18*g - 8. What is p(-10)?
12
Let d(p) = 7*p - 117. What is d(10)?
-47
Let n(w) = w**3 - 55*w**2 + 109*w - 168. Give n(53).
-9
Let g(p) = -p**3 - 7*p**2 - 3*p - 4. What is g(-6)?
-22
Let s(z) = -z**3 + 5*z**2 + z - 13. Determine s(6).
-43
Let k(f) = f + 5. Calculate k(0).
5
Let c(r) = -r**3 - 4*r**2 - r + 2. Give c(-3).
-4
Let w(g) = -9*g - 143. What is w(0)?
-143
Let t(l) = -75*l + 1. What is t(1)?
-74
Let a(u) = u**2 + 6*u - 8. Determine a(-7).
-1
Let s(j) = 13*j**3 - 1. Determine s(1).
12
Let w(z) = -z**2 - 5*z + 5. Determine w(-4).
9
Let b(f) = -26*f + 13. What is b(8)?
-195
Let g(h) = h**3 + 6*h**2 + 7*h + 4. Determine g(-4).
8
Let r(b) = -11*b + 38. Give r(7).
-39
Let a(l) = l**2 + 26*l + 132. Give a(-7).
-1
Let d(l) = l**3 + 15*l**2 + 25*l - 15. Give d(-13).
-2
Let b(n) = 7*n + 12. Give b(0).
12
Let x(k) = 3*k - 89. Determine x(14).
-47
Let a(z) = -123*z - 986. Determine a(-8).
-2
Let f(l) = -l**2 - 2*l + 14. Calculate f(-5).
-1
Let z(f) = -15*f - 36. What is z(-4)?
24
Let w(r) = -r**3 + 4*r**2 + 6*r + 3. Calculate w(6).
-33
Let o(p) = -5*p**2 - 3*p + 3. Give o(2).
-23
Let k(f) = 8*f**2 + 1. Calculate k(1).
9
Let w(j) = j**3 - 6*j**2 - 6*j + 50. Calculate w(7).
57
Let k(x) = 3*x**2 - 2*x + 3. Determine k(1).
4
Let n(u) = u**2 - 18*u - 24. Calculate n(18).
-24
Let b(j) = j + 22. What is b(22)?
44
Let l(n) = -n**3 - 17*n**2 + 2. Calculate l(-17).
2
Let w(p) = 10*p**2 + p. What is w(2)?
42
Let u(y) = -2*y - 78. What is u(0)?
-78
Let v(h) = 24*h - 1. Give v(-4).
-97
Let p(s) = 19*s**2 - s + 5. What is p(-3)?
179
Let d(b) = b**2 + 17*b - 80. Give d(-21).
4
Let j(d) = -d + 9. Give j(-16).
25
Let m(u) = -u**3 + 21*u. Calculate m(5).
-20
Let g(v) = -2*v**3 - 17*v**2 + 12*v + 30. Calculate g(-9).
3
Let c(z) = 4*z - 25. What is c(7)?
3
Let d(b) = 4*b**2 - 8*b - 4. Give d(3).
8
Let k(p) = -p**3 + 11*p**2 + 28*p - 25. Determine k(13).
1
Let q(d) = d**3 + 10*d**2 + d - 7. Calculate q(-10).
-17
Let c(g) = 9*g - 56. Determine c(13).
61
Let i(z) = z + 9. What is i(-25)?
-16
Let u(t) = -t**2 + 7*t - 3. What is u(5)?
7
Let t(l) = -23*l + 13. Give t(2).
-33
Let w(r) = 23*r**3 + 2*r + 2. What is w(-1)?
-23
Let b(t) = -t**3 + 21*t**2 + t - 30. Calculate b(21).
-9
Let z(p) = -39*p + 668. Calculate z(17).
5
Let x(j) = j**3 + 4*j**2 + j - 4. Give x(-2).
2
Let j(q) = -2*q**3 - 62*q**2 - q - 43. Give j(-31).
-12
Let z(b) = 3*b**3 - 2*b - 3. Calculate z(-1).
-4
Let s(r) = -r**2 - 31*r - 63. Calculate s(-29).
-5
Let h(r) = r**3 - 4*r**2 - 3*r - 2. What is h(4)?
-14
Let t(m) = m**3 + 9*m**2 - 7. Calculate t(-9).
-7
Let n(w) = w**3 + 7*w**2 - 6*w + 10. What is n(-8)?
-6
Let p(t) = -14*t**2 + 1. Calculate p(2).
-55
Let x(t) = -2*t + 37. What is x(12)?
13
Let v(h) = -53*h**2 + 2*h - 2. What is v(1)?
-53
Let u(p) = -p**3 - 6*p**2 - 2*p - 2. Calculate u(-5).
-17
Let g(d) = -75*d - 1646. Determine g(-22).
4
Let f(r) = -6*r**2 - 47*r - 4. Give f(-8).
-12
Let d(i) = -i**3 + 10*i**2 - 11*i + 12. Give d(9).
-6
Let h(a) = 3*a**2 - 18*a + 10. Determine h(5).
-5
Let t(o) = 2*o**2 - o + 8. Give t(0).
8
Let y(t) = -t**3 + 2*t - 16. Calculate y(0).
-16
Let d(g) = 2*g - 32. Determine d(11).
-10
Let w(m) = 2*m + 8. Determine w(-2).
4
Let k(r) = -6*r**2 + 112*r - 66. Calculate k(18).
6
Let r(p) = -p**2 + 10*p - 2. Determine r(5).
23
Let g(i) = -3*i**2 - 4*i - 1. Give g(1).
-8
Let s(i) = -24*i - 210. What is s(-9)?
6
Let p(b) = 3*b**2 - 2*b - 17. Determine p(2).
-9
Let m(b) = -4*b + 16. Determine m(10).
-24
Let s(o) = 3*o**3 + 4*o**2 + o + 2. What is s(-2)?
-8
Let g(x) = 11*x + 29. Determine g(-7).
-48
Let f(n) = n**3 - 22*n**2 + 22*n - 9. Determine f(21).
12
Let z(t) = -3*t**3 - 2*t**2 + 3*t - 1. Calculate z(1).
-3
Let d(v) = 18*v + 5. Calculate d(-2).
-31
Let f(k) = -k**3 + 6*k**2 + 6*k - 32. Determine f(7).
-39
Let m(b) = -2*b**2 + 20*b - 45. Give m(6).
3
Let a(z) = -51*z - 74. What is a(-3)?
79
Let d(w) = w**3 + 7*w**2 + 2*w + 1. Give d(-7).
-13
Let j(g) = g**3 + 6*g**2 + 12*g + 25. Calculate j(-4).
9
Let u(w) = 63*w - 887. What is u(14)?
-5
Let u(t) = 2*t - 34. What is u(16)?
-2
Let c(x) = 38*x - 13. What is c(-2)?
-89
Let q(i) = -3*i**3 + 5*i**2 + 7*i - 5. Determine q(4).
-89
Let b(i) = -27*i + 155. What 